 Calculate m(n).
-1
Let z(w) = -3 - 15*w + 8 - 5*w**2 - 3. Let l(v) = -v**2 - v - 1. Let x(n) = -6*l(n) + z(n). Give x(9).
8
Let v be (-16 - -8)*1*-1. Let f(o) = o**2 - 10*o + 13. Calculate f(v).
-3
Suppose 4*h - 88 = -4*h. Let u(g) = -g**3 + 10*g**2 + 13*g - 23. Let t be u(h). Let p(j) = 5*j. Give p(t).
-5
Let a(f) = -4*f**3 - 7*f**2 + 33. Let v(p) = -p**3 - 2*p**2 + 11. Let n(r) = -2*a(r) + 7*v(r). Calculate n(0).
11
Let s(c) be the first derivative of -c**6/120 + c**5/10 - 5*c**4/24 - c**3/2 - 12*c**2 + 5. Let r(o) be the second derivative of s(o). Determine r(5).
-3
Let m(l) = -l**3 + 3*l**2 + 2*l. Let i(u) be the second derivative of 8*u**2 + 0 - 1/6*u**3 + 4*u. Let j be i(13). Calculate m(j).
6
Let o(p) = -p + 1 - 4 + 2*p. Let w(r) = -r**3 + 14*r**2 - 37*r + 41. Let m be w(11). What is o(m)?
-6
Let w(f) = 5*f**3 + 3*f**2 - 4*f + 3. Let u(q) = -q**3 - q**2 + q - 1. Let x(j) = 9*u(j) + 2*w(j). Let y be ((-8)/(-10))/((-3)/(-15)). Give x(y).
17
Let z(o) = -4*o**2 - o + 1 + 8*o**3 + o**3 - 8*o**3. Calculate z(4).
-3
Let i(r) = -r + 8. Let v(g) = -2*g + 15. Let b(m) = 13*i(m) - 6*v(m). Calculate b(7).
7
Let l(k) be the second derivative of k**5/10 + k**4/12 + k**2 - 102*k - 5. Give l(-2).
-10
Let o(n) = 14*n - 17. Let g(m) = 13*m - 16. Let w(z) = -6*g(z) + 5*o(z). Let r(p) = 3*p - 4. Let j(y) = 11*r(y) + 4*w(y). Give j(-8).
-8
Let k(w) = w**3 + 3*w**2 + 4*w + 3. Let p be 6/42 + (-186)/(-21). Suppose 9 + p = -9*d. Calculate k(d).
-1
Let n(c) be the first derivative of -c**3/3 + 2*c**2 + 2*c + 596. Give n(8).
-30
Let o(r) = r**3 + 5*r**2 + r + 12. Let a be o(-5). Let h(i) = -i**3 + 7*i**2 + 2*i + 6. What is h(a)?
20
Suppose -9*l - 100 = -34*l. Let s(q) = -q**3 + 2*q**2 + 5*q - 1. Determine s(l).
-13
Let d(s) = s**3 + 14*s**2 - 16*s - 10. Suppose -4*w - t = 64, 2*w = 3*w + 4*t + 31. Let v be d(w). Let u(q) = -q**2 + 6*q + 3. What is u(v)?
8
Let n(b) be the first derivative of -1/2*b**3 + 1/2*b**2 + 9 - 1/20*b**5 - 2*b + 1/4*b**4. Let t(s) be the first derivative of n(s). Calculate t(2).
-1
Let u(f) = f**2 + 5*f - 1. Suppose -2*i = 12 - 16. Suppose i + 22 = -4*h. Calculate u(h).
5
Let d(a) = 2*a**2 + 7*a - 7. Let q = 292 - 296. Calculate d(q).
-3
Let v = -4 + 4. Let x(m) be the second derivative of v - 1/6*m**3 - 1/2*m**2 + m. Give x(-4).
3
Let q(i) = 6*i + 3016 - 3*i + i**3 - 3028 - 7*i**2. Calculate q(7).
9
Let t(z) = -278 + 139 + 129 + z. Let d be ((-1)/1)/((-2)/10). Let x be t(d). Let s(g) = g**2 + 6*g + 1. Calculate s(x).
-4
Let o(j) = j**3 - j - 1. Suppose 9*b = 5*b + 8. Give o(b).
5
Let j(k) = -k**2 - 7*k - 6. Let c be j(-6). Suppose -39 = -c*q - 3*q. Suppose -23 = -5*f - a - a, 3*f = -a + q. Let g(b) = 2*b. Calculate g(f).
6
Let m be 99/27 + 6/(-9). Suppose m*u - 31 = q - 3*q, 3*u + 4*q = 41. Let l(v) = v - 15. Calculate l(u).
-8
Let l(h) = -h**2 - 2*h. Let q = -8 - -4. What is l(q)?
-8
Let w(d) = -3 + d - 3*d - d + 0*d. Let l(c) = -6*c**3 + 19*c**2 - 5*c + 9. Let v be l(3). Determine w(v).
-12
Let d(b) = -6*b**2 + 16 + 20 + 5*b + 4*b - 79 + 28 + b**3. Calculate d(5).
5
Let b(x) = -4*x + 3. Let o be (-7)/(2/((-12)/21)). Determine b(o).
-5
Let s(i) = 2*i - 2. Let b(o) = -8*o - 52. Let q be b(-21). Let g = q + -108. Give s(g).
14
Let g(h) = -h**2 - 17*h - 14. Let x be g(-16). Let l(s) = 4*s**2 + 1. Let b(r) = 1. Let u(j) = x*b(j) - l(j). Give u(2).
-15
Let z be (2 - 1)/3*-3. Let d(f) = -4*f**3 + 2*f + 1 + 5*f**2 - 5*f**2 + f**2. Determine d(z).
4
Let w(v) be the second derivative of -v**7/840 + v**6/72 + v**5/30 + v**4/4 - 7*v**3/2 + 20*v. Let j(c) be the second derivative of w(c). What is j(6)?
-6
Let b(g) = -2*g**3 - 6*g**2 - g - 1. Let a be b(-3). Suppose l + 16 = a*p, -2*l - 2*p - 32 = 3*l. Let o(i) = -i**3 - 9*i**2 - 9*i - 12. Give o(l).
-4
Let s(y) = -6*y + 6. Let w = 36 - 32. Determine s(w).
-18
Let i(n) = -n**3 - 6*n**2 + 8*n + 3. Suppose 124*d + 168 = 100*d. Give i(d).
-4
Let t(p) = -p**2 - 3*p + 1. Suppose -8 + 35 = 3*y. Let x be -1 + (-11 - -1) - 2. Let z = y + x. Determine t(z).
-3
Let k(s) = s**2 + 8*s + 8. Let c be k(-8). Let g(h) = -h**2 - 4*h - 6 - 1 + c. What is g(-3)?
4
Let v(p) = 33*p + 291. Let t be v(-9). Let h(r) = -r**3 - 7*r**2 - 2*r + 19. Give h(t).
-5
Let i(f) = f - 3. Let h be 3*((-14)/(-6) - 3). Let w be (-3 - h)/(2/(-8)). Suppose k - w = -q, 3*k - 4 = -q - 2. Calculate i(q).
2
Let g be (16/28)/((-2)/(-7)). Let p(b) = -b**3 + 3*b**2 - 3*b + 1. What is p(g)?
-1
Let v(a) = -27 + 6 - 7 + 3*a - 4. Calculate v(10).
-2
Suppose 7 = -p + 3*n, 0*p - 4*n + 12 = -2*p. Let y(i) = 2*i**2 + i - 4. What is y(p)?
24
Let y(v) be the first derivative of v**4/4 - 5*v**3/3 + v**2 + v - 263. Determine y(3).
-11
Let f(b) = -2*b. Let r be f(-9). Suppose 2*a + r = 5*a - 3*s, -10 = -a + 2*s. Let h(n) = -5 + 2 + n + 0*n + 2 + n**a. Determine h(-4).
11
Let s(q) = q - q**2 + 0*q - 4598 + 4596. Calculate s(1).
-2
Let s(v) be the first derivative of v**6/45 + v**4/24 - 4*v**3/3 - 16. Let u(h) be the third derivative of s(h). Determine u(-1).
9
Let j(q) = q**3 + 7*q**2 - 7*q. Suppose 2*y + l + 11 = -5, 4*l = y + 8. What is j(y)?
-8
Let y(k) = -k + 5*k - 12 - 2*k. Let i(q) = 4*q**3 - 88*q**2 + 4*q - 79. Let u be i(22). Calculate y(u).
6
Let t be (775/(-50))/((-1)/4). Let h = t - 65. Let y(q) = -11*q. Let j(w) = -10*w - 1. Let a(u) = 4*j(u) - 3*y(u). What is a(h)?
17
Let y(n) = -n. Let s(w) = -6*w + 1. Let j(x) = 11*x - 1. Let z(q) = 3*j(q) + 5*s(q). Let a(f) = -2*y(f) - z(f). Calculate a(-5).
3
Let k(t) = -t**3 - 7*t**2 - 5*t + 8. Let w be k(-6). Suppose 2*o + x = 13, -27 = -w*o - 2*o - x. Let l(n) = -n + 4. What is l(o)?
-3
Let n(w) = 20 + 25 - w - 15 + 5*w. What is n(-8)?
-2
Suppose 15*r + 255 = 165. Let o(x) = -3*x**2 - 15*x - 7. Determine o(r).
-25
Let u(l) = -l**2 + 4*l + 2. Let r(o) = -o. Suppose -100 + 25 = -5*g - 3*d, -2*d = g - 22. Let m be g/8*8/(-3). Let t be r(m). Calculate u(t).
2
Suppose 0 = -7*w + 10*w + 12. Let i(b) = -b. Let s(x) = x**3 + 5*x**2 + 8*x + 4. Let z(v) = -2*i(v) - s(v). Determine z(w).
4
Let j(p) be the third derivative of p**6/120 - p**5/10 - 3*p**4/8 + 7*p**3/6 + 3*p**2 + 1. Give j(7).
-7
Let h(c) = c + 8. Suppose 2*o - 14 = 3*p, -p + 2 = -5*o + 11. Let b be p*((-1)/(-1) - -1). What is h(b)?
0
Let i(n) = n**2 + 14*n - 34. Let f be i(-14). Let d(c) = -23*c**2 + 41*c - 35. Let m(t) = -4*t**2 + 7*t - 6. Let j(g) = f*m(g) + 6*d(g). Calculate j(5).
-16
Let s(q) be the third derivative of q**4/24 - 2*q**2. Let h = 1198 + -1207. Calculate s(h).
-9
Let v = 46 + -44. Let q(r) = 0*r**2 + 17*r + 2*r**3 + 2*r**v + 1 + r**2 - 21*r. Give q(-3).
-14
Let z(i) be the third derivative of -i**4/12 + 10*i**3/3 + 11*i**2. Let p be z(11). Let y(d) = 3*d**2 + 2*d + 1. Give y(p).
9
Let w(x) = x**2 + 6*x - 19. Let z(u) = -3*u**2 - 19*u + 54. Let f(r) = 8*w(r) + 3*z(r). What is f(-8)?
18
Let k(n) be the first derivative of n**3/3 + 3*n**2/2 - 4*n + 1. Let i be 3 + 7*(-4 - -4 - -71). Suppose -i*y + 20 = -504*y. What is k(y)?
6
Let f(z) be the first derivative of 4*z**3/3 + z**2/2 + 1542. Let g(w) = w**3 + 6*w**2 + 6*w + 7. Let s be g(-5). What is f(s)?
18
Let h(d) = d**2 - 5*d - 6. Suppose 30 = 4*i + 3*t, 3*i + 0*t - 16 = t. What is h(i)?
0
Suppose 0 = 5*r + 5*b - 15, -5*b - 16 + 38 = -2*r. Let g(o) = -4*o**3 + o**2 + o + 1. What is g(r)?
5
Let d(a) = -4 + 2509*a + 0*a**3 + 0 - 2505*a + a**3 + 6*a**2. Let z(q) = -4*q + 3. Let i be z(2). Calculate d(i).
1
Let p = -16 + 9. Let c(h) = 8*h + 228. Let u be c(-29). Let i = u - p. Let g(n) = n. Calculate g(i).
3
Suppose 3*j + 2 = -1. Let a be (1/j + 0)/(-1). Let s be 0 + -4 + a - -4. Let c(q) = -q**2. Calculate c(s).
-1
Suppose -4*d + d - r + 9 = 0, 6 = 2*r. Let w be 1/8*d*36/(-9). Let g(t) = t**2 - t - 1. Give g(w).
1
Let b(i) = -i**3 - 5*i**2 - 5*i - 1. Suppose -7*y - 24 = -y. Calculate b(y).
3
Suppose -3*n = 9, 0 = -5*z - 6*n + n + 85. Suppose 5*o - z + 0 = 0. Let r(f) = 3561*f**3 + 5*f - 2*f**2 - 7111*f**3 - 4 + 3551*f**3 - 3*f**2. Calculate r(o).
0
Let b(t) be the first derivative of -2*t**2 - t - 135. Determine b(-9).
35
Let l(q) = q**2 - q + 1. Suppose -2*k - u = -2*u - 7, -4*k + 19 = 3*u. Suppose k*r = 59 - 55. Determine l(r).
1
Let n(y) = 24643*y**2 - 27 + 2*y - 24642*y**2 - 22. Calculate n(0).
-49
Let h(s) = 2*s**2 - 2*s + 4. Let q = -357 + 357. Calculate h(q).
4
Let p(l) = 2 + l**2